{"id":564,"date":"2020-12-02T02:34:44","date_gmt":"2020-12-02T02:34:44","guid":{"rendered":"https:\/\/burodeservicios.com\/?page_id=564"},"modified":"2020-12-02T07:15:51","modified_gmt":"2020-12-02T07:15:51","slug":"eres-la-empresa-o-la-institucion-financiera-o-comercial-denunciada","status":"publish","type":"page","link":"https:\/\/burodeservicios.com\/index.php\/eres-la-empresa-o-la-institucion-financiera-o-comercial-denunciada\/","title":{"rendered":"\u00bfEres la empresa o la instituci\u00f3n financiera o comercial denunciada?"},"content":{"rendered":"\n<h3>\u00a1Tienes derecho de replica!<\/h3>\n\n\n\n<h4>Aqu\u00ed buscamos soluciones.<\/h4>\n\n\n\n<p>Si deseas mejorar tu calificaci\u00f3n dentro del Bur\u00f3 de Servicios, lo que tienes que hacer es solicitar que se te ponga en contacto con la persona que present\u00f3 la queja o la denuncia. Nosotros contactaremos a esa persona y si as\u00ed lo autoriza, pondremos a ambas partes en contacto directamente. <\/p>\n\n\n\n<h3>\u00bfC\u00f3mo solicitar el contacto?<\/h3>\n\n\n\n<p>Solo debes enviar un correo electr\u00f3nico con la siguiente informaci\u00f3n a: <a href=\"mailto:contacto@burodeservicios.com\" target=\"_blank\" rel=\"noreferrer noopener\">contacto@burodeservicios.com<\/a> <\/p>\n\n\n\n<ul><li>Nombre completo del Representante Legal<\/li><li>Documentos que lo acrediten como tal<\/li><li>Copia de identificaci\u00f3n oficial <\/li><li>Tel\u00e9fono de contacto de la empresa <\/li><li>Correo electr\u00f3nico de la empresa<\/li><li>Identificaci\u00f3n de la queja (folio, captura de pantalla o enlace) <\/li><\/ul>\n\n\n\n<p>Una vez recibida la informaci\u00f3n arriba solicitada, procederemos a contactar a la persona que present\u00f3 la denuncia o la queja para saber si esta interesada en la conciliaci\u00f3n. De ser as\u00ed, los pondremos en contacto directamente y si se llega a un acuerdo satisfactorio para el cliente, procederemos a eliminar esa queja y a mejorar la calificaci\u00f3n de tu empresa dentro del Bur\u00f3 de Servicios. <\/p>\n\n\n\n<p>Atentamente, Bur\u00f3 de Servicios S. A.<\/p>\n","protected":false},"excerpt":{"rendered":"<p>\u00a1Tienes derecho de replica! Aqu\u00ed buscamos soluciones. Si deseas mejorar tu calificaci\u00f3n dentro del Bur\u00f3 de Servicios, lo que tienes que hacer es solicitar que se te ponga en contacto con la persona que present\u00f3 la queja o la denuncia. Nosotros contactaremos a esa persona y si as\u00ed lo autoriza, pondremos a ambas partes en [&hellip;]<\/p>\n","protected":false},"author":1,"featured_media":0,"parent":0,"menu_order":0,"comment_status":"closed","ping_status":"closed","template":"","meta":[],"_links":{"self":[{"href":"https:\/\/burodeservicios.com\/index.php\/wp-json\/wp\/v2\/pages\/564"}],"collection":[{"href":"https:\/\/burodeservicios.com\/index.php\/wp-json\/wp\/v2\/pages"}],"about":[{"href":"https:\/\/burodeservicios.com\/index.php\/wp-json\/wp\/v2\/types\/page"}],"author":[{"embeddable":true,"href":"https:\/\/burodeservicios.com\/index.php\/wp-json\/wp\/v2\/users\/1"}],"replies":[{"embeddable":true,"href":"https:\/\/burodeservicios.com\/index.php\/wp-json\/wp\/v2\/comments?post=564"}],"version-history":[{"count":8,"href":"https:\/\/burodeservicios.com\/index.php\/wp-json\/wp\/v2\/pages\/564\/revisions"}],"predecessor-version":[{"id":652,"href":"https:\/\/burodeservicios.com\/index.php\/wp-json\/wp\/v2\/pages\/564\/revisions\/652"}],"wp:attachment":[{"href":"https:\/\/burodeservicios.com\/index.php\/wp-json\/wp\/v2\/media?parent=564"}],"curies":[{"name":"wp","href":"https:\/\/api.w.org\/{rel}","templated":true}]}}